{"id":59,"date":"2020-01-24T10:05:04","date_gmt":"2020-01-24T10:05:04","guid":{"rendered":"http:\/\/wenetastrek.pl\/?page_id=59"},"modified":"2020-06-30T15:24:34","modified_gmt":"2020-06-30T15:24:34","slug":"59-2","status":"publish","type":"page","link":"https:\/\/wenetastrek.pl\/","title":{"rendered":""},"content":{"rendered":"\n<div class=\"wp-container-1 wp-block-group\"><div class=\"wp-block-group__inner-container\"><\/div><\/div>\n\n\n\n<p class=\"has-medium-font-size\"><strong>O specjali\u015bcie:<\/strong><\/p>\n\n\n\n<p class=\"has-normal-font-size\"><strong><br><\/strong> Absolwentka Collegium Medicum Uniwerystetu Jagiello\u0144skiego w Krakowie. Specjalistka II stopnia w dziedzinie okulistyki. <br> Do\u015bwiadczenie w zakresie diagnostyki i leczenia zeza zachowawczego i operacyjnego zdoby\u0142a pracuj\u0105c pod kierunkiem prof. Krystyny Krzystkowej w Oddziale Leczenia Zeza i Niedowidzenia Wojew\u00f3dzkiego Szpitala Okulistycznego w Krakowie (Witkowice). <br> Ordynator Oddzia\u0142u Chirurgii Jednego Dnia, Scanmed Szpital \u015aw. Rafa\u0142a w Krakowie (operacyjne leczenie zeza i oczopl\u0105su) <br> Wieloletnia Cz\u0142onkini Zarz\u0105du Sekcji Strabologicznej Polskiego Towarzystwa Okulistycznego. <br> Cz\u0142onkini Polskiego Towarzystwa Okulistyki Dzieci\u0119cej oraz Europejskiego i \u015awiatowego Towarzystwa Leczenia zeza. <br> Zajmuje si\u0119 zachowawczym jak i operacyjnym zeza u dzieci i doros\u0142ych, leczeniem niedowidzenia u dzieci, jak r\u00f3wnie\u017c leczeniem operacyjnym wyr\u00f3wnawczego ustawienia g\u0142owy w oczopl\u0105sie u dzieci i doros\u0142ych.<\/p>\n\n\n\n<p class=\"has-medium-font-size\"><strong> Zakres dzia\u0142alno\u015bci: <\/strong><\/p>\n\n\n\n<p class=\"has-normal-font-size\"><br>Diagnostyka leczenia zeza i oczopl\u0105su<br>Badanie ostro\u015bci wzroku w tym r\u00f3wnie\u017c u ma\u0142ych dzieci<br>Badanie k\u0105ta zeza <br>Badanie wyr\u00f3wnawczego ustawienia g\u0142owy w oczopl\u0105sie<br>Badanie widzenia obuocznego <br><br> Leczenie operacyjne wszystkich rodzaj\u00f3w zeza towarzysz\u0105cego:<br>Poziomego Pionowego Sko\u015bnego<br>Zeza pora\u017cennego<br>Zespo\u0142\u00f3w wrodzonych: STD Zesp\u00f3\u0142 Browna, Zesp\u00f3\u0142 M\u00f6ebiusa <br>Pora\u017cenie mi\u0119\u015bni unosz\u0105cych ga\u0142k\u0119 oczn\u0105 <br>Operacje wyr\u00f3wnawczego ustawienia g\u0142owy w oczopl\u0105sie <\/p>\n\n\n\n<p><\/p>\n","protected":false},"excerpt":{"rendered":"<p>O specjali\u015bcie: Absolwentka Collegium Medicum Uniwerystetu Jagiello\u0144skiego w Krakowie. Specjalistka II stopnia w dziedzinie okulistyki. Do\u015bwiadczenie w zakresie diagnostyki i leczenia zeza zachowawczego i operacyjnego zdoby\u0142a pracuj\u0105c pod kierunkiem prof. Krystyny Krzystkowej w Oddziale Leczenia Zeza i Niedowidzenia Wojew\u00f3dzkiego Szpitala Okulistycznego w Krakowie (Witkowice). Ordynator Oddzia\u0142u Chirurgii Jednego Dnia, Scanmed Szpital \u015aw. Rafa\u0142a w Krakowie [&hellip;]<\/p>\n","protected":false},"author":1,"featured_media":0,"parent":0,"menu_order":0,"comment_status":"closed","ping_status":"closed","template":"","meta":[],"_links":{"self":[{"href":"https:\/\/wenetastrek.pl\/index.php\/wp-json\/wp\/v2\/pages\/59"}],"collection":[{"href":"https:\/\/wenetastrek.pl\/index.php\/wp-json\/wp\/v2\/pages"}],"about":[{"href":"https:\/\/wenetastrek.pl\/index.php\/wp-json\/wp\/v2\/types\/page"}],"author":[{"embeddable":true,"href":"https:\/\/wenetastrek.pl\/index.php\/wp-json\/wp\/v2\/users\/1"}],"replies":[{"embeddable":true,"href":"https:\/\/wenetastrek.pl\/index.php\/wp-json\/wp\/v2\/comments?post=59"}],"version-history":[{"count":17,"href":"https:\/\/wenetastrek.pl\/index.php\/wp-json\/wp\/v2\/pages\/59\/revisions"}],"predecessor-version":[{"id":97,"href":"https:\/\/wenetastrek.pl\/index.php\/wp-json\/wp\/v2\/pages\/59\/revisions\/97"}],"wp:attachment":[{"href":"https:\/\/wenetastrek.pl\/index.php\/wp-json\/wp\/v2\/media?parent=59"}],"curies":[{"name":"wp","href":"https:\/\/api.w.org\/{rel}","templated":true}]}}